{"id":1742,"date":"2025-11-27T21:20:55","date_gmt":"2025-11-27T21:20:55","guid":{"rendered":"https:\/\/avmax.pl\/sklep\/?page_id=1742"},"modified":"2025-11-29T18:52:46","modified_gmt":"2025-11-29T18:52:46","slug":"dostawa","status":"publish","type":"page","link":"https:\/\/avmax.pl\/sklep\/dostawa\/","title":{"rendered":"Dostawa"},"content":{"rendered":"\t\t<div data-elementor-type=\"wp-page\" data-elementor-id=\"1742\" class=\"elementor elementor-1742\" data-elementor-post-type=\"page\">\n\t\t\t\t<div class=\"elementor-element elementor-element-e66fe2d entry-hero-container-inner e-flex e-con-boxed e-con e-parent\" data-id=\"e66fe2d\" data-element_type=\"container\" data-e-type=\"container\" data-settings=\"{&quot;background_background&quot;:&quot;classic&quot;}\">\n\t\t\t\t\t<div class=\"e-con-inner\">\n\t\t\t\t<div class=\"elementor-element elementor-element-91de541 elementor-align-center elementor-widget elementor-widget-breadcrumbs\" data-id=\"91de541\" data-element_type=\"widget\" data-e-type=\"widget\" data-widget_type=\"breadcrumbs.default\">\n\t\t\t\t\t<p id=\"breadcrumbs\"><span><span><a href=\"https:\/\/avmax.pl\/sklep\/\">Strona g\u0142\u00f3wna<\/a><\/span><\/span><\/p>\t\t\t\t<\/div>\n\t\t\t\t<div class=\"elementor-element elementor-element-3b8865d elementor-widget elementor-widget-heading\" data-id=\"3b8865d\" data-element_type=\"widget\" data-e-type=\"widget\" data-widget_type=\"heading.default\">\n\t\t\t\t\t<h2 class=\"elementor-heading-title elementor-size-default\">Dostawa<\/h2>\t\t\t\t<\/div>\n\t\t\t\t\t<\/div>\n\t\t\t\t<\/div>\n\t\t<div class=\"elementor-element elementor-element-1ac161d e-flex e-con-boxed e-con e-parent\" data-id=\"1ac161d\" data-element_type=\"container\" data-e-type=\"container\" data-settings=\"{&quot;background_background&quot;:&quot;classic&quot;}\">\n\t\t\t\t\t<div class=\"e-con-inner\">\n\t\t<div class=\"elementor-element elementor-element-e4be30b e-con-full e-flex e-con e-child\" data-id=\"e4be30b\" data-element_type=\"container\" data-e-type=\"container\" data-settings=\"{&quot;background_background&quot;:&quot;classic&quot;}\">\n\t\t\t\t<div class=\"elementor-element elementor-element-85d58dd elementor-widget elementor-widget-text-editor\" data-id=\"85d58dd\" data-element_type=\"widget\" data-e-type=\"widget\" data-widget_type=\"text-editor.default\">\n\t\t\t\t\t\t\t\t\t<h3 data-start=\"199\" data-end=\"228\">Wsp\u00f3\u0142pracujemy z epaka.pl<\/h3><p data-start=\"230\" data-end=\"601\">Wszystkie przesy\u0142ki z naszego sklepu realizujemy we wsp\u00f3\u0142pracy z platform\u0105 kuriersk\u0105 <strong data-start=\"315\" data-end=\"327\">epaka.pl<\/strong> \u2013 jednym z najwi\u0119kszych broker\u00f3w us\u0142ug kurierskich w Polsce. Dzi\u0119ki temu mo\u017cemy korzysta\u0107 z oferty wielu przewo\u017anik\u00f3w w jednym systemie, wybieraj\u0105c za ka\u017cdym razem rozwi\u0105zanie najlepiej dopasowane do rodzaju sprz\u0119tu i adresu dostawy. <span class=\"\" data-state=\"closed\"><span class=\"ms-1 inline-flex max-w-full items-center relative top-[-0.094rem] animate-[show_150ms_ease-in]\" data-testid=\"webpage-citation-pill\"><a class=\"flex h-4.5 overflow-hidden rounded-xl px-2 text-[9px] font-medium transition-colors duration-150 ease-in-out text-token-text-secondary! bg-[#F4F4F4]! dark:bg-[#303030]!\" href=\"https:\/\/pomoc.sstore.pl\/integracja-z-systemem-epaka-inf-643.html?utm_source=chatgpt.com\" target=\"_blank\" rel=\"noopener\"><span class=\"relative start-0 bottom-0 flex h-full w-full items-center\"><span class=\"flex h-4 w-full items-center justify-between\"><span class=\"max-w-[15ch] grow truncate overflow-hidden text-center\">pomoc.sstore.pl<\/span><span class=\"-me-1 flex h-full items-center rounded-full px-1 text-[#8F8F8F]\">+1<\/span><\/span><\/span><\/a><\/span><\/span><\/p><p data-start=\"603\" data-end=\"922\">epaka.pl umo\u017cliwia nadawanie paczek kurierem z odbiorem spod wskazanego adresu oraz dostaw\u0119 do wielu punkt\u00f3w odbioru na terenie ca\u0142ego kraju. Platforma wsp\u00f3\u0142pracuje m.in. z takimi przewo\u017anikami jak <strong data-start=\"801\" data-end=\"881\">InPost, GLS, FedEx, DPD, UPS, DHL, Ambro Express czy Poczta Polska (Pocztex)<\/strong>. <span class=\"\" data-state=\"closed\"><span class=\"ms-1 inline-flex max-w-full items-center relative top-[-0.094rem] animate-[show_150ms_ease-in]\" data-testid=\"webpage-citation-pill\"><a class=\"flex h-4.5 overflow-hidden rounded-xl px-2 text-[9px] font-medium transition-colors duration-150 ease-in-out text-token-text-secondary! bg-[#F4F4F4]! dark:bg-[#303030]!\" href=\"https:\/\/www.epaka.pl\/blog-kurierski\/aktualnosci\/dlaczego-epaka-pl-to-najlepszy-broker-kurierski-na-rynku-posrednikow-przesylek?utm_source=chatgpt.com\" target=\"_blank\" rel=\"noopener\"><span class=\"relative start-0 bottom-0 flex h-full w-full items-center\"><span class=\"flex h-4 w-full items-center justify-between\"><span class=\"max-w-[15ch] grow truncate overflow-hidden text-center\">Epaka<\/span><span class=\"-me-1 flex h-full items-center rounded-full px-1 text-[#8F8F8F]\">+1<\/span><\/span><\/span><\/a><\/span><\/span><\/p>\t\t\t\t\t\t\t\t<\/div>\n\t\t\t\t<div class=\"elementor-element elementor-element-5772d19 elementor-widget-divider--view-line elementor-widget elementor-widget-divider\" data-id=\"5772d19\" data-element_type=\"widget\" data-e-type=\"widget\" data-widget_type=\"divider.default\">\n\t\t\t\t\t\t\t<div class=\"elementor-divider\">\n\t\t\t<span class=\"elementor-divider-separator\">\n\t\t\t\t\t\t<\/span>\n\t\t<\/div>\n\t\t\t\t\t\t<\/div>\n\t\t<div class=\"elementor-element elementor-element-7ab6d4d e-con-full e-flex e-con e-child\" data-id=\"7ab6d4d\" data-element_type=\"container\" data-e-type=\"container\" data-settings=\"{&quot;background_background&quot;:&quot;classic&quot;}\">\n\t\t\t\t<div class=\"elementor-element elementor-element-4429df2 elementor-widget__width-initial elementor-widget elementor-widget-image\" data-id=\"4429df2\" data-element_type=\"widget\" data-e-type=\"widget\" data-widget_type=\"image.default\">\n\t\t\t\t\t\t\t\t\t\t\t\t\t\t\t<img fetchpriority=\"high\" decoding=\"async\" width=\"447\" height=\"447\" src=\"https:\/\/avmax.pl\/sklep\/wp-content\/uploads\/2025\/11\/inpost-logo.webp\" class=\"attachment-large size-large wp-image-1782\" alt=\"\" srcset=\"https:\/\/avmax.pl\/sklep\/wp-content\/uploads\/2025\/11\/inpost-logo.webp 447w, https:\/\/avmax.pl\/sklep\/wp-content\/uploads\/2025\/11\/inpost-logo-300x300.webp 300w, https:\/\/avmax.pl\/sklep\/wp-content\/uploads\/2025\/11\/inpost-logo-100x100.webp 100w, https:\/\/avmax.pl\/sklep\/wp-content\/uploads\/2025\/11\/inpost-logo-150x150.webp 150w, https:\/\/avmax.pl\/sklep\/wp-content\/uploads\/2025\/11\/inpost-logo-96x96.webp 96w\" sizes=\"(max-width: 447px) 100vw, 447px\" \/>\t\t\t\t\t\t\t\t\t\t\t\t\t\t\t<\/div>\n\t\t\t\t<div class=\"elementor-element elementor-element-9ed442a elementor-widget__width-initial elementor-widget elementor-widget-image\" data-id=\"9ed442a\" data-element_type=\"widget\" data-e-type=\"widget\" data-widget_type=\"image.default\">\n\t\t\t\t\t\t\t\t\t\t\t\t\t\t\t<img decoding=\"async\" width=\"447\" height=\"447\" src=\"https:\/\/avmax.pl\/sklep\/wp-content\/uploads\/2025\/11\/gls-logo.webp\" class=\"attachment-large size-large wp-image-1781\" alt=\"\" srcset=\"https:\/\/avmax.pl\/sklep\/wp-content\/uploads\/2025\/11\/gls-logo.webp 447w, https:\/\/avmax.pl\/sklep\/wp-content\/uploads\/2025\/11\/gls-logo-300x300.webp 300w, https:\/\/avmax.pl\/sklep\/wp-content\/uploads\/2025\/11\/gls-logo-100x100.webp 100w, https:\/\/avmax.pl\/sklep\/wp-content\/uploads\/2025\/11\/gls-logo-150x150.webp 150w, https:\/\/avmax.pl\/sklep\/wp-content\/uploads\/2025\/11\/gls-logo-96x96.webp 96w\" sizes=\"(max-width: 447px) 100vw, 447px\" \/>\t\t\t\t\t\t\t\t\t\t\t\t\t\t\t<\/div>\n\t\t\t\t<div class=\"elementor-element elementor-element-4ec3026 elementor-widget__width-initial elementor-widget elementor-widget-image\" data-id=\"4ec3026\" data-element_type=\"widget\" data-e-type=\"widget\" data-widget_type=\"image.default\">\n\t\t\t\t\t\t\t\t\t\t\t\t\t\t\t<img decoding=\"async\" width=\"447\" height=\"447\" src=\"https:\/\/avmax.pl\/sklep\/wp-content\/uploads\/2025\/11\/fedex-logo.webp\" class=\"attachment-large size-large wp-image-1780\" alt=\"\" srcset=\"https:\/\/avmax.pl\/sklep\/wp-content\/uploads\/2025\/11\/fedex-logo.webp 447w, https:\/\/avmax.pl\/sklep\/wp-content\/uploads\/2025\/11\/fedex-logo-300x300.webp 300w, https:\/\/avmax.pl\/sklep\/wp-content\/uploads\/2025\/11\/fedex-logo-100x100.webp 100w, https:\/\/avmax.pl\/sklep\/wp-content\/uploads\/2025\/11\/fedex-logo-150x150.webp 150w, https:\/\/avmax.pl\/sklep\/wp-content\/uploads\/2025\/11\/fedex-logo-96x96.webp 96w\" sizes=\"(max-width: 447px) 100vw, 447px\" \/>\t\t\t\t\t\t\t\t\t\t\t\t\t\t\t<\/div>\n\t\t\t\t<div class=\"elementor-element elementor-element-754c77b elementor-widget__width-initial elementor-widget elementor-widget-image\" data-id=\"754c77b\" data-element_type=\"widget\" data-e-type=\"widget\" data-widget_type=\"image.default\">\n\t\t\t\t\t\t\t\t\t\t\t\t\t\t\t<img loading=\"lazy\" decoding=\"async\" width=\"447\" height=\"447\" src=\"https:\/\/avmax.pl\/sklep\/wp-content\/uploads\/2025\/11\/dpd-logo.webp\" class=\"attachment-large size-large wp-image-1779\" alt=\"\" srcset=\"https:\/\/avmax.pl\/sklep\/wp-content\/uploads\/2025\/11\/dpd-logo.webp 447w, https:\/\/avmax.pl\/sklep\/wp-content\/uploads\/2025\/11\/dpd-logo-300x300.webp 300w, https:\/\/avmax.pl\/sklep\/wp-content\/uploads\/2025\/11\/dpd-logo-100x100.webp 100w, https:\/\/avmax.pl\/sklep\/wp-content\/uploads\/2025\/11\/dpd-logo-150x150.webp 150w, https:\/\/avmax.pl\/sklep\/wp-content\/uploads\/2025\/11\/dpd-logo-96x96.webp 96w\" sizes=\"(max-width: 447px) 100vw, 447px\" \/>\t\t\t\t\t\t\t\t\t\t\t\t\t\t\t<\/div>\n\t\t\t\t<div class=\"elementor-element elementor-element-27fa081 elementor-widget__width-initial elementor-widget elementor-widget-image\" data-id=\"27fa081\" data-element_type=\"widget\" data-e-type=\"widget\" data-widget_type=\"image.default\">\n\t\t\t\t\t\t\t\t\t\t\t\t\t\t\t<img loading=\"lazy\" decoding=\"async\" width=\"447\" height=\"447\" src=\"https:\/\/avmax.pl\/sklep\/wp-content\/uploads\/2025\/11\/dhl-logo.webp\" class=\"attachment-large size-large wp-image-1778\" alt=\"\" srcset=\"https:\/\/avmax.pl\/sklep\/wp-content\/uploads\/2025\/11\/dhl-logo.webp 447w, https:\/\/avmax.pl\/sklep\/wp-content\/uploads\/2025\/11\/dhl-logo-300x300.webp 300w, https:\/\/avmax.pl\/sklep\/wp-content\/uploads\/2025\/11\/dhl-logo-100x100.webp 100w, https:\/\/avmax.pl\/sklep\/wp-content\/uploads\/2025\/11\/dhl-logo-150x150.webp 150w, https:\/\/avmax.pl\/sklep\/wp-content\/uploads\/2025\/11\/dhl-logo-96x96.webp 96w\" sizes=\"(max-width: 447px) 100vw, 447px\" \/>\t\t\t\t\t\t\t\t\t\t\t\t\t\t\t<\/div>\n\t\t\t\t<div class=\"elementor-element elementor-element-d9a7fcc elementor-widget__width-initial elementor-widget elementor-widget-image\" data-id=\"d9a7fcc\" data-element_type=\"widget\" data-e-type=\"widget\" data-widget_type=\"image.default\">\n\t\t\t\t\t\t\t\t\t\t\t\t\t\t\t<img loading=\"lazy\" decoding=\"async\" width=\"447\" height=\"447\" src=\"https:\/\/avmax.pl\/sklep\/wp-content\/uploads\/2025\/11\/ups-logo.webp\" class=\"attachment-large size-large wp-image-1777\" alt=\"\" srcset=\"https:\/\/avmax.pl\/sklep\/wp-content\/uploads\/2025\/11\/ups-logo.webp 447w, https:\/\/avmax.pl\/sklep\/wp-content\/uploads\/2025\/11\/ups-logo-300x300.webp 300w, https:\/\/avmax.pl\/sklep\/wp-content\/uploads\/2025\/11\/ups-logo-100x100.webp 100w, https:\/\/avmax.pl\/sklep\/wp-content\/uploads\/2025\/11\/ups-logo-150x150.webp 150w, https:\/\/avmax.pl\/sklep\/wp-content\/uploads\/2025\/11\/ups-logo-96x96.webp 96w\" sizes=\"(max-width: 447px) 100vw, 447px\" \/>\t\t\t\t\t\t\t\t\t\t\t\t\t\t\t<\/div>\n\t\t\t\t<\/div>\n\t\t\t\t<div class=\"elementor-element elementor-element-baa2386 elementor-widget-divider--view-line elementor-widget elementor-widget-divider\" data-id=\"baa2386\" data-element_type=\"widget\" data-e-type=\"widget\" data-widget_type=\"divider.default\">\n\t\t\t\t\t\t\t<div class=\"elementor-divider\">\n\t\t\t<span class=\"elementor-divider-separator\">\n\t\t\t\t\t\t<\/span>\n\t\t<\/div>\n\t\t\t\t\t\t<\/div>\n\t\t\t\t<\/div>\n\t\t\t\t\t<\/div>\n\t\t\t\t<\/div>\n\t\t<div class=\"elementor-element elementor-element-0ece846 e-flex e-con-boxed e-con e-parent\" data-id=\"0ece846\" data-element_type=\"container\" data-e-type=\"container\" data-settings=\"{&quot;background_background&quot;:&quot;classic&quot;}\">\n\t\t\t\t\t<div class=\"e-con-inner\">\n\t\t<div class=\"elementor-element elementor-element-4641d47 e-con-full e-flex e-con e-child\" data-id=\"4641d47\" data-element_type=\"container\" data-e-type=\"container\" data-settings=\"{&quot;background_background&quot;:&quot;classic&quot;}\">\n\t\t\t\t<div class=\"elementor-element elementor-element-f3c7347 elementor-widget elementor-widget-text-editor\" data-id=\"f3c7347\" data-element_type=\"widget\" data-e-type=\"widget\" data-widget_type=\"text-editor.default\">\n\t\t\t\t\t\t\t\t\t<h3 data-start=\"1573\" data-end=\"1600\">Czas realizacji dostawy<\/h3><p data-start=\"1602\" data-end=\"1683\">Standardowy czas dostawy wynosi <strong data-start=\"1634\" data-end=\"1656\">do 7 dni roboczych<\/strong> i jest liczony od momentu:<\/p><ul><li data-start=\"1602\" data-end=\"1683\">zaksi\u0119gowania p\u0142atno\u015bci (przelew tradycyjny, p\u0142atno\u015bci online),<\/li><li data-start=\"1602\" data-end=\"1683\">lub potwierdzenia zam\u00f3wienia przy przesy\u0142kach za pobraniem.<\/li><\/ul><p data-start=\"1816\" data-end=\"1898\">W praktyce wiele przesy\u0142ek dociera szybciej, jednak czas 7 dni pozwala uwzgl\u0119dni\u0107:<\/p><ul data-start=\"1900\" data-end=\"2029\"><li data-start=\"1900\" data-end=\"1937\"><p data-start=\"1902\" data-end=\"1937\">przygotowanie sprz\u0119tu do wysy\u0142ki,<\/p><\/li><li data-start=\"1938\" data-end=\"1963\"><p data-start=\"1940\" data-end=\"1963\">bezpieczne pakowanie,<\/p><\/li><li data-start=\"1964\" data-end=\"2029\"><p data-start=\"1966\" data-end=\"2029\">odebranie paczki przez kuriera oraz dostaw\u0119 pod wskazany adres.<\/p><\/li><\/ul><p data-start=\"2031\" data-end=\"2083\">Dostawy realizujemy wy\u0142\u0105cznie <strong data-start=\"2061\" data-end=\"2082\">na terenie Polski<\/strong>.<\/p>\t\t\t\t\t\t\t\t<\/div>\n\t\t\t\t<\/div>\n\t\t<div class=\"elementor-element elementor-element-2e0effb e-con-full e-flex e-con e-child\" data-id=\"2e0effb\" data-element_type=\"container\" data-e-type=\"container\" data-settings=\"{&quot;background_background&quot;:&quot;classic&quot;}\">\n\t\t\t\t<div class=\"elementor-element elementor-element-a65851d elementor-widget elementor-widget-text-editor\" data-id=\"a65851d\" data-element_type=\"widget\" data-e-type=\"widget\" data-widget_type=\"text-editor.default\">\n\t\t\t\t\t\t\t\t\t<h3 data-start=\"78\" data-end=\"101\">\u015aledzenie przesy\u0142ek<\/h3><p data-start=\"103\" data-end=\"195\">Po nadaniu zam\u00f3wienia otrzymasz od nas <strong data-start=\"142\" data-end=\"161\">numer przesy\u0142ki<\/strong> wybranego przewo\u017anika. Numer ten:<\/p><ul data-start=\"197\" data-end=\"321\"><li data-start=\"197\" data-end=\"253\"><p data-start=\"199\" data-end=\"253\">wysy\u0142amy na <strong data-start=\"211\" data-end=\"227\">adres e-mail<\/strong> podany przy zam\u00f3wieniu,<\/p><\/li><li data-start=\"254\" data-end=\"321\"><p data-start=\"256\" data-end=\"321\">jest dost\u0119pny w <strong data-start=\"272\" data-end=\"296\">Twoim koncie klienta<\/strong> w zak\u0142adce \u201eZam\u00f3wienia\u201d.<\/p><\/li><\/ul><p data-start=\"323\" data-end=\"379\">Po <strong data-start=\"326\" data-end=\"345\">zalogowaniu si\u0119<\/strong> do sklepu mo\u017cesz w ka\u017cdej chwili:<\/p><ul data-start=\"381\" data-end=\"596\"><li data-start=\"381\" data-end=\"426\"><p data-start=\"383\" data-end=\"426\">sprawdzi\u0107 <strong data-start=\"393\" data-end=\"423\">aktualny status zam\u00f3wienia<\/strong>,<\/p><\/li><li data-start=\"427\" data-end=\"471\"><p data-start=\"429\" data-end=\"471\">zobaczy\u0107, czy paczka zosta\u0142a ju\u017c nadana,<\/p><\/li><li data-start=\"472\" data-end=\"596\"><p data-start=\"474\" data-end=\"596\">przej\u015b\u0107 do <strong data-start=\"485\" data-end=\"508\">\u015bledzenia przesy\u0142ki<\/strong> na stronie danego kuriera (link do \u015bledzenia udost\u0119pniamy przy szczeg\u00f3\u0142ach zam\u00f3wienia).<\/p><\/li><\/ul>\t\t\t\t\t\t\t\t<\/div>\n\t\t\t\t<\/div>\n\t\t\t\t\t<\/div>\n\t\t\t\t<\/div>\n\t\t\t\t<\/div>\n\t\t","protected":false},"excerpt":{"rendered":"<p>Wsp\u00f3\u0142pracujemy z epaka.pl Wszystkie przesy\u0142ki z naszego sklepu realizujemy we wsp\u00f3\u0142pracy z platform\u0105 kuriersk\u0105 epaka.pl \u2013 jednym z najwi\u0119kszych broker\u00f3w us\u0142ug kurierskich w Polsce. Dzi\u0119ki temu mo\u017cemy korzysta\u0107 z oferty wielu przewo\u017anik\u00f3w w jednym systemie, wybieraj\u0105c za ka\u017cdym razem rozwi\u0105zanie najlepiej dopasowane do rodzaju sprz\u0119tu i adresu dostawy. pomoc.sstore.pl+1 epaka.pl umo\u017cliwia nadawanie paczek kurierem z&#8230;<\/p>\n","protected":false},"author":1,"featured_media":0,"parent":0,"menu_order":0,"comment_status":"closed","ping_status":"closed","template":"","meta":{"_bst_post_transparent":"","_bst_post_title":"hide","_bst_post_layout":"fullwidth","_bst_post_sidebar_id":"","_bst_post_content_style":"unboxed","_bst_post_vertical_padding":"hide","_bst_post_feature":"hide","_bst_post_feature_position":"","_bst_post_header":false,"_bst_post_footer":false,"footnotes":""},"class_list":["post-1742","page","type-page","status-publish","hentry"],"yoast_head":"<!-- This site is optimized with the Yoast SEO plugin v27.3 - https:\/\/yoast.com\/product\/yoast-seo-wordpress\/ -->\n<title>Dostawa - AVMAX - Sklep<\/title>\n<meta name=\"robots\" content=\"index, follow, max-snippet:-1, max-image-preview:large, max-video-preview:-1\" \/>\n<link rel=\"canonical\" href=\"https:\/\/avmax.pl\/sklep\/dostawa\/\" \/>\n<meta property=\"og:locale\" content=\"pl_PL\" \/>\n<meta property=\"og:type\" content=\"article\" \/>\n<meta property=\"og:title\" content=\"Dostawa - AVMAX - Sklep\" \/>\n<meta property=\"og:description\" content=\"Wsp\u00f3\u0142pracujemy z epaka.pl Wszystkie przesy\u0142ki z naszego sklepu realizujemy we wsp\u00f3\u0142pracy z platform\u0105 kuriersk\u0105 epaka.pl \u2013 jednym z najwi\u0119kszych broker\u00f3w us\u0142ug kurierskich w Polsce. Dzi\u0119ki temu mo\u017cemy korzysta\u0107 z oferty wielu przewo\u017anik\u00f3w w jednym systemie, wybieraj\u0105c za ka\u017cdym razem rozwi\u0105zanie najlepiej dopasowane do rodzaju sprz\u0119tu i adresu dostawy. pomoc.sstore.pl+1 epaka.pl umo\u017cliwia nadawanie paczek kurierem z...\" \/>\n<meta property=\"og:url\" content=\"https:\/\/avmax.pl\/sklep\/dostawa\/\" \/>\n<meta property=\"og:site_name\" content=\"AVMAX - Sklep\" \/>\n<meta property=\"article:modified_time\" content=\"2025-11-29T18:52:46+00:00\" \/>\n<meta property=\"og:image\" content=\"https:\/\/avmax.pl\/sklep\/wp-content\/uploads\/2025\/11\/inpost-logo.webp\" \/>\n<meta name=\"twitter:card\" content=\"summary_large_image\" \/>\n<meta name=\"twitter:label1\" content=\"Szacowany czas czytania\" \/>\n\t<meta name=\"twitter:data1\" content=\"2 minuty\" \/>\n<script type=\"application\/ld+json\" class=\"yoast-schema-graph\">{\"@context\":\"https:\\\/\\\/schema.org\",\"@graph\":[{\"@type\":\"WebPage\",\"@id\":\"https:\\\/\\\/avmax.pl\\\/sklep\\\/dostawa\\\/\",\"url\":\"https:\\\/\\\/avmax.pl\\\/sklep\\\/dostawa\\\/\",\"name\":\"Dostawa - AVMAX - Sklep\",\"isPartOf\":{\"@id\":\"https:\\\/\\\/avmax.pl\\\/sklep\\\/#website\"},\"primaryImageOfPage\":{\"@id\":\"https:\\\/\\\/avmax.pl\\\/sklep\\\/dostawa\\\/#primaryimage\"},\"image\":{\"@id\":\"https:\\\/\\\/avmax.pl\\\/sklep\\\/dostawa\\\/#primaryimage\"},\"thumbnailUrl\":\"https:\\\/\\\/avmax.pl\\\/sklep\\\/wp-content\\\/uploads\\\/2025\\\/11\\\/inpost-logo.webp\",\"datePublished\":\"2025-11-27T21:20:55+00:00\",\"dateModified\":\"2025-11-29T18:52:46+00:00\",\"breadcrumb\":{\"@id\":\"https:\\\/\\\/avmax.pl\\\/sklep\\\/dostawa\\\/#breadcrumb\"},\"inLanguage\":\"pl-PL\",\"potentialAction\":[{\"@type\":\"ReadAction\",\"target\":[\"https:\\\/\\\/avmax.pl\\\/sklep\\\/dostawa\\\/\"]}]},{\"@type\":\"ImageObject\",\"inLanguage\":\"pl-PL\",\"@id\":\"https:\\\/\\\/avmax.pl\\\/sklep\\\/dostawa\\\/#primaryimage\",\"url\":\"https:\\\/\\\/avmax.pl\\\/sklep\\\/wp-content\\\/uploads\\\/2025\\\/11\\\/inpost-logo.webp\",\"contentUrl\":\"https:\\\/\\\/avmax.pl\\\/sklep\\\/wp-content\\\/uploads\\\/2025\\\/11\\\/inpost-logo.webp\",\"width\":447,\"height\":447},{\"@type\":\"BreadcrumbList\",\"@id\":\"https:\\\/\\\/avmax.pl\\\/sklep\\\/dostawa\\\/#breadcrumb\",\"itemListElement\":[{\"@type\":\"ListItem\",\"position\":1,\"name\":\"Strona g\u0142\u00f3wna\",\"item\":\"https:\\\/\\\/avmax.pl\\\/sklep\\\/\"},{\"@type\":\"ListItem\",\"position\":2,\"name\":\"Dostawa\"}]},{\"@type\":\"WebSite\",\"@id\":\"https:\\\/\\\/avmax.pl\\\/sklep\\\/#website\",\"url\":\"https:\\\/\\\/avmax.pl\\\/sklep\\\/\",\"name\":\"AVMAX - Sklep\",\"description\":\"\",\"publisher\":{\"@id\":\"https:\\\/\\\/avmax.pl\\\/sklep\\\/#organization\"},\"potentialAction\":[{\"@type\":\"SearchAction\",\"target\":{\"@type\":\"EntryPoint\",\"urlTemplate\":\"https:\\\/\\\/avmax.pl\\\/sklep\\\/?s={search_term_string}\"},\"query-input\":{\"@type\":\"PropertyValueSpecification\",\"valueRequired\":true,\"valueName\":\"search_term_string\"}}],\"inLanguage\":\"pl-PL\"},{\"@type\":\"Organization\",\"@id\":\"https:\\\/\\\/avmax.pl\\\/sklep\\\/#organization\",\"name\":\"AVMAX - Sklep\",\"url\":\"https:\\\/\\\/avmax.pl\\\/sklep\\\/\",\"logo\":{\"@type\":\"ImageObject\",\"inLanguage\":\"pl-PL\",\"@id\":\"https:\\\/\\\/avmax.pl\\\/sklep\\\/#\\\/schema\\\/logo\\\/image\\\/\",\"url\":\"https:\\\/\\\/avmax.pl\\\/sklep\\\/wp-content\\\/uploads\\\/2025\\\/11\\\/cropped-logo-avmax-2-3.webp\",\"contentUrl\":\"https:\\\/\\\/avmax.pl\\\/sklep\\\/wp-content\\\/uploads\\\/2025\\\/11\\\/cropped-logo-avmax-2-3.webp\",\"width\":1500,\"height\":600,\"caption\":\"AVMAX - Sklep\"},\"image\":{\"@id\":\"https:\\\/\\\/avmax.pl\\\/sklep\\\/#\\\/schema\\\/logo\\\/image\\\/\"}}]}<\/script>\n<!-- \/ Yoast SEO plugin. -->","yoast_head_json":{"title":"Dostawa - AVMAX - Sklep","robots":{"index":"index","follow":"follow","max-snippet":"max-snippet:-1","max-image-preview":"max-image-preview:large","max-video-preview":"max-video-preview:-1"},"canonical":"https:\/\/avmax.pl\/sklep\/dostawa\/","og_locale":"pl_PL","og_type":"article","og_title":"Dostawa - AVMAX - Sklep","og_description":"Wsp\u00f3\u0142pracujemy z epaka.pl Wszystkie przesy\u0142ki z naszego sklepu realizujemy we wsp\u00f3\u0142pracy z platform\u0105 kuriersk\u0105 epaka.pl \u2013 jednym z najwi\u0119kszych broker\u00f3w us\u0142ug kurierskich w Polsce. Dzi\u0119ki temu mo\u017cemy korzysta\u0107 z oferty wielu przewo\u017anik\u00f3w w jednym systemie, wybieraj\u0105c za ka\u017cdym razem rozwi\u0105zanie najlepiej dopasowane do rodzaju sprz\u0119tu i adresu dostawy. pomoc.sstore.pl+1 epaka.pl umo\u017cliwia nadawanie paczek kurierem z...","og_url":"https:\/\/avmax.pl\/sklep\/dostawa\/","og_site_name":"AVMAX - Sklep","article_modified_time":"2025-11-29T18:52:46+00:00","og_image":[{"url":"https:\/\/avmax.pl\/sklep\/wp-content\/uploads\/2025\/11\/inpost-logo.webp","type":"","width":"","height":""}],"twitter_card":"summary_large_image","twitter_misc":{"Szacowany czas czytania":"2 minuty"},"schema":{"@context":"https:\/\/schema.org","@graph":[{"@type":"WebPage","@id":"https:\/\/avmax.pl\/sklep\/dostawa\/","url":"https:\/\/avmax.pl\/sklep\/dostawa\/","name":"Dostawa - AVMAX - Sklep","isPartOf":{"@id":"https:\/\/avmax.pl\/sklep\/#website"},"primaryImageOfPage":{"@id":"https:\/\/avmax.pl\/sklep\/dostawa\/#primaryimage"},"image":{"@id":"https:\/\/avmax.pl\/sklep\/dostawa\/#primaryimage"},"thumbnailUrl":"https:\/\/avmax.pl\/sklep\/wp-content\/uploads\/2025\/11\/inpost-logo.webp","datePublished":"2025-11-27T21:20:55+00:00","dateModified":"2025-11-29T18:52:46+00:00","breadcrumb":{"@id":"https:\/\/avmax.pl\/sklep\/dostawa\/#breadcrumb"},"inLanguage":"pl-PL","potentialAction":[{"@type":"ReadAction","target":["https:\/\/avmax.pl\/sklep\/dostawa\/"]}]},{"@type":"ImageObject","inLanguage":"pl-PL","@id":"https:\/\/avmax.pl\/sklep\/dostawa\/#primaryimage","url":"https:\/\/avmax.pl\/sklep\/wp-content\/uploads\/2025\/11\/inpost-logo.webp","contentUrl":"https:\/\/avmax.pl\/sklep\/wp-content\/uploads\/2025\/11\/inpost-logo.webp","width":447,"height":447},{"@type":"BreadcrumbList","@id":"https:\/\/avmax.pl\/sklep\/dostawa\/#breadcrumb","itemListElement":[{"@type":"ListItem","position":1,"name":"Strona g\u0142\u00f3wna","item":"https:\/\/avmax.pl\/sklep\/"},{"@type":"ListItem","position":2,"name":"Dostawa"}]},{"@type":"WebSite","@id":"https:\/\/avmax.pl\/sklep\/#website","url":"https:\/\/avmax.pl\/sklep\/","name":"AVMAX - Sklep","description":"","publisher":{"@id":"https:\/\/avmax.pl\/sklep\/#organization"},"potentialAction":[{"@type":"SearchAction","target":{"@type":"EntryPoint","urlTemplate":"https:\/\/avmax.pl\/sklep\/?s={search_term_string}"},"query-input":{"@type":"PropertyValueSpecification","valueRequired":true,"valueName":"search_term_string"}}],"inLanguage":"pl-PL"},{"@type":"Organization","@id":"https:\/\/avmax.pl\/sklep\/#organization","name":"AVMAX - Sklep","url":"https:\/\/avmax.pl\/sklep\/","logo":{"@type":"ImageObject","inLanguage":"pl-PL","@id":"https:\/\/avmax.pl\/sklep\/#\/schema\/logo\/image\/","url":"https:\/\/avmax.pl\/sklep\/wp-content\/uploads\/2025\/11\/cropped-logo-avmax-2-3.webp","contentUrl":"https:\/\/avmax.pl\/sklep\/wp-content\/uploads\/2025\/11\/cropped-logo-avmax-2-3.webp","width":1500,"height":600,"caption":"AVMAX - Sklep"},"image":{"@id":"https:\/\/avmax.pl\/sklep\/#\/schema\/logo\/image\/"}}]}},"_links":{"self":[{"href":"https:\/\/avmax.pl\/sklep\/wp-json\/wp\/v2\/pages\/1742","targetHints":{"allow":["GET"]}}],"collection":[{"href":"https:\/\/avmax.pl\/sklep\/wp-json\/wp\/v2\/pages"}],"about":[{"href":"https:\/\/avmax.pl\/sklep\/wp-json\/wp\/v2\/types\/page"}],"author":[{"embeddable":true,"href":"https:\/\/avmax.pl\/sklep\/wp-json\/wp\/v2\/users\/1"}],"replies":[{"embeddable":true,"href":"https:\/\/avmax.pl\/sklep\/wp-json\/wp\/v2\/comments?post=1742"}],"version-history":[{"count":46,"href":"https:\/\/avmax.pl\/sklep\/wp-json\/wp\/v2\/pages\/1742\/revisions"}],"predecessor-version":[{"id":1858,"href":"https:\/\/avmax.pl\/sklep\/wp-json\/wp\/v2\/pages\/1742\/revisions\/1858"}],"wp:attachment":[{"href":"https:\/\/avmax.pl\/sklep\/wp-json\/wp\/v2\/media?parent=1742"}],"curies":[{"name":"wp","href":"https:\/\/api.w.org\/{rel}","templated":true}]}}