{"id":2160,"date":"2025-12-01T18:17:47","date_gmt":"2025-12-01T18:17:47","guid":{"rendered":"https:\/\/avmax.pl\/sklep\/?post_type=product&#038;p=2160"},"modified":"2026-01-12T13:44:51","modified_gmt":"2026-01-12T13:44:51","slug":"eb-775f-v11ha83180","status":"publish","type":"product","link":"https:\/\/avmax.pl\/sklep\/produkt\/eb-775f-v11ha83180\/","title":{"rendered":"EB-775F"},"content":{"rendered":"<p><strong>Tw\u00f3rz anga\u017cuj\u0105ce obrazy<\/strong><br \/>\nZaawansowana technologia laserowa firmy Epson to elastyczne i proste w u\u017cyciu rozwi\u0105zanie z zakresu digital signage. Tw\u00f3rz anga\u017cuj\u0105ce obrazy o przek\u0105tnej do 150 cali (wi\u0119ksze w przypadku u\u017cycia 2 urz\u0105dze\u0144) o jasno\u015bci do 4100 lumen\u00f3w, aby zapewni\u0107 \u0142atw\u0105 widoczno\u015b\u0107 w jasnych \u015brodowiskach.<\/p>\n<p><strong>O\u017cyw dyskretnie dowoln\u0105 powierzchni\u0119<\/strong><br \/>\nEB-775F mo\u017cna instalowa\u0107 na \u015bcianie lub suficie i u\u017cywa\u0107 do wy\u015bwietlania na niemal ka\u017cdej powierzchni (nawet na niekonwencjonalnych powierzchniach, takich jak pod\u0142oga lub s\u0142upy). Konstrukcja UST sprawia r\u00f3wnie\u017c, \u017ce idealnie sprawdza si\u0119 w wy\u015bwietlaniu du\u017cych obraz\u00f3w w ciasnych przestrzeniach. Mo\u017cliwo\u015b\u0107 wyboru modelu w kolorze czarnym (EB-775F) lub bia\u0142ym (EB-770F), pozwala dyskretnie wtopi\u0107 go w swoje \u015brodowisko \u2013 projektor mo\u017cna nawet ukry\u0107, aby stworzy\u0107 ruchome obrazy, zaskakuj\u0105c i zachwycaj\u0105c odbiorc\u00f3w.<\/p>\n<p><strong>Solidny, niezawodny i ekonomiczny<\/strong><br \/>\nNasza technologia laserowa jest r\u00f3wnie\u017c wytrzyma\u0142a i nie wymaga konserwacji. To ekonomiczny projektor typu \u201ezainstaluj i zapomnij\u201d na kt\u00f3rym mo\u017cna polega\u0107, zapewniaj\u0105cy do 20\u00a0000 godzin u\u017cytkowania bez konserwacji i obj\u0119ty 5-letni\u0105 gwarancj\u0105.<\/p>\n<p><strong>Wszechstronne mo\u017cliwo\u015bci odtwarzania kontentu<\/strong><br \/>\nEpson oferuje bezp\u0142atne aplikacje do tworzenia tre\u015bci (Epson Creative Projection i Epson Projector Content Management). Tre\u015bci mo\u017cna odtwarza\u0107 bezpo\u015brednio z USB (w tym listy odtwarzania, filmy i tre\u015bci reklamowe) za pomoc\u0105 wbudowanej funkcji odtwarzania lub przesy\u0142a\u0107 bezprzewodowo i odtwarza\u0107 tre\u015bci za pomoc\u0105 wbudowanego modu\u0142u Wi-Fi i funkcji Miracast.<\/p>\n","protected":false},"excerpt":{"rendered":"<p>Idealny skalowalny i ekonomiczny projektor do oznakowania informacyjnego.<\/p>\n<ul>\n<li><strong>Wszechstronny projektor do wy\u015bwietlania reklam<\/strong><br \/>\nKompaktowa i dyskretna konstrukcja z optyk\u0105 o ultrakr\u00f3tkim rzucie do ciasnych przestrzeni<\/li>\n<li><strong>Tw\u00f3rz anga\u017cuj\u0105ce obrazy<\/strong><br \/>\nProjektory Full HD o przek\u0105tnej obrazu do 150 cali, 4100 lumen\u00f3w i technologia 3LCD<\/li>\n<li><strong>Niezawodno\u015b\u0107 w dzia\u0142aniu bez serwisowania<\/strong><br \/>\nProjektor laserowy niewymagaj\u0105cy nak\u0142ad\u00f3w konserwacyjnych z 5-letni\u0105 gwarancj\u0105<\/li>\n<li><strong>Wszechstronne mo\u017cliwo\u015bci odtwarzania<\/strong><br \/>\nTre\u015bci mo\u017cna odtwarza\u0107 bezpo\u015brednio z no\u015bnika USB<\/li>\n<li><strong>\u0141atwy monta\u017c<\/strong><br \/>\nMo\u017cliwo\u015b\u0107 obrotu w zakresie 360 stopni, w tym projekcja pionowa<\/li>\n<\/ul>\n","protected":false},"featured_media":2685,"comment_status":"open","ping_status":"closed","template":"","meta":{"_bst_post_transparent":"default","_bst_post_title":"","_bst_post_layout":"default","_bst_post_sidebar_id":"","_bst_post_content_style":"default","_bst_post_vertical_padding":"default","_bst_post_feature":"","_bst_post_feature_position":"","_bst_post_header":false,"_bst_post_footer":false},"product_brand":[156],"product_cat":[161],"product_tag":[],"product_brands":[1010],"class_list":{"0":"post-2160","1":"product","2":"type-product","3":"status-publish","4":"has-post-thumbnail","6":"product_brand-epson","7":"product_cat-projektory-przenosne","8":"product_brands-epson","10":"first","11":"instock","12":"taxable","13":"shipping-taxable","14":"purchasable","15":"product-type-simple","16":"entry","17":"content-bg","18":"loop-entry"},"yoast_head":"<!-- This site is optimized with the Yoast SEO plugin v27.3 - https:\/\/yoast.com\/product\/yoast-seo-wordpress\/ -->\n<title>EB-775F - AVMAX - Sklep<\/title>\n<meta name=\"robots\" content=\"index, follow, max-snippet:-1, max-image-preview:large, max-video-preview:-1\" \/>\n<link rel=\"canonical\" href=\"https:\/\/avmax.pl\/sklep\/produkt\/eb-775f-v11ha83180\/\" \/>\n<meta property=\"og:locale\" content=\"pl_PL\" \/>\n<meta property=\"og:type\" content=\"article\" \/>\n<meta property=\"og:title\" content=\"EB-775F - AVMAX - Sklep\" \/>\n<meta property=\"og:description\" content=\"Idealny skalowalny i ekonomiczny projektor do oznakowania informacyjnego.   Wszechstronny projektor do wy\u015bwietlania reklam Kompaktowa i dyskretna konstrukcja z optyk\u0105 o ultrakr\u00f3tkim rzucie do ciasnych przestrzeni  Tw\u00f3rz anga\u017cuj\u0105ce obrazy Projektory Full HD o przek\u0105tnej obrazu do 150 cali, 4100 lumen\u00f3w i technologia 3LCD  Niezawodno\u015b\u0107 w dzia\u0142aniu bez serwisowania Projektor laserowy niewymagaj\u0105cy nak\u0142ad\u00f3w konserwacyjnych z 5-letni\u0105 gwarancj\u0105  Wszechstronne mo\u017cliwo\u015bci odtwarzania Tre\u015bci mo\u017cna odtwarza\u0107 bezpo\u015brednio z no\u015bnika USB  \u0141atwy monta\u017c Mo\u017cliwo\u015b\u0107 obrotu w zakresie 360 stopni, w tym projekcja pionowa\" \/>\n<meta property=\"og:url\" content=\"https:\/\/avmax.pl\/sklep\/produkt\/eb-775f-v11ha83180\/\" \/>\n<meta property=\"og:site_name\" content=\"AVMAX - Sklep\" \/>\n<meta property=\"article:modified_time\" content=\"2026-01-12T13:44:51+00:00\" \/>\n<meta property=\"og:image\" content=\"https:\/\/avmax.pl\/sklep\/wp-content\/uploads\/2025\/12\/EB-775F-1.webp\" \/>\n\t<meta property=\"og:image:width\" content=\"1000\" \/>\n\t<meta property=\"og:image:height\" content=\"1000\" \/>\n\t<meta property=\"og:image:type\" content=\"image\/webp\" \/>\n<meta name=\"twitter:card\" content=\"summary_large_image\" \/>\n<meta name=\"twitter:label1\" content=\"Szacowany czas czytania\" \/>\n\t<meta name=\"twitter:data1\" content=\"2 minuty\" \/>\n<script type=\"application\/ld+json\" class=\"yoast-schema-graph\">{\"@context\":\"https:\\\/\\\/schema.org\",\"@graph\":[{\"@type\":\"WebPage\",\"@id\":\"https:\\\/\\\/avmax.pl\\\/sklep\\\/produkt\\\/eb-775f-v11ha83180\\\/\",\"url\":\"https:\\\/\\\/avmax.pl\\\/sklep\\\/produkt\\\/eb-775f-v11ha83180\\\/\",\"name\":\"EB-775F - AVMAX - Sklep\",\"isPartOf\":{\"@id\":\"https:\\\/\\\/avmax.pl\\\/sklep\\\/#website\"},\"primaryImageOfPage\":{\"@id\":\"https:\\\/\\\/avmax.pl\\\/sklep\\\/produkt\\\/eb-775f-v11ha83180\\\/#primaryimage\"},\"image\":{\"@id\":\"https:\\\/\\\/avmax.pl\\\/sklep\\\/produkt\\\/eb-775f-v11ha83180\\\/#primaryimage\"},\"thumbnailUrl\":\"https:\\\/\\\/avmax.pl\\\/sklep\\\/wp-content\\\/uploads\\\/2025\\\/12\\\/EB-775F-1.webp\",\"datePublished\":\"2025-12-01T18:17:47+00:00\",\"dateModified\":\"2026-01-12T13:44:51+00:00\",\"breadcrumb\":{\"@id\":\"https:\\\/\\\/avmax.pl\\\/sklep\\\/produkt\\\/eb-775f-v11ha83180\\\/#breadcrumb\"},\"inLanguage\":\"pl-PL\",\"potentialAction\":[{\"@type\":\"ReadAction\",\"target\":[\"https:\\\/\\\/avmax.pl\\\/sklep\\\/produkt\\\/eb-775f-v11ha83180\\\/\"]}]},{\"@type\":\"ImageObject\",\"inLanguage\":\"pl-PL\",\"@id\":\"https:\\\/\\\/avmax.pl\\\/sklep\\\/produkt\\\/eb-775f-v11ha83180\\\/#primaryimage\",\"url\":\"https:\\\/\\\/avmax.pl\\\/sklep\\\/wp-content\\\/uploads\\\/2025\\\/12\\\/EB-775F-1.webp\",\"contentUrl\":\"https:\\\/\\\/avmax.pl\\\/sklep\\\/wp-content\\\/uploads\\\/2025\\\/12\\\/EB-775F-1.webp\",\"width\":1000,\"height\":1000},{\"@type\":\"BreadcrumbList\",\"@id\":\"https:\\\/\\\/avmax.pl\\\/sklep\\\/produkt\\\/eb-775f-v11ha83180\\\/#breadcrumb\",\"itemListElement\":[{\"@type\":\"ListItem\",\"position\":1,\"name\":\"Strona g\u0142\u00f3wna\",\"item\":\"https:\\\/\\\/avmax.pl\\\/sklep\\\/\"},{\"@type\":\"ListItem\",\"position\":2,\"name\":\"Sklep\",\"item\":\"https:\\\/\\\/avmax.pl\\\/sklep\\\/shop\\\/\"},{\"@type\":\"ListItem\",\"position\":3,\"name\":\"EB-775F\"}]},{\"@type\":\"WebSite\",\"@id\":\"https:\\\/\\\/avmax.pl\\\/sklep\\\/#website\",\"url\":\"https:\\\/\\\/avmax.pl\\\/sklep\\\/\",\"name\":\"AVMAX - Sklep\",\"description\":\"\",\"publisher\":{\"@id\":\"https:\\\/\\\/avmax.pl\\\/sklep\\\/#organization\"},\"potentialAction\":[{\"@type\":\"SearchAction\",\"target\":{\"@type\":\"EntryPoint\",\"urlTemplate\":\"https:\\\/\\\/avmax.pl\\\/sklep\\\/?s={search_term_string}\"},\"query-input\":{\"@type\":\"PropertyValueSpecification\",\"valueRequired\":true,\"valueName\":\"search_term_string\"}}],\"inLanguage\":\"pl-PL\"},{\"@type\":\"Organization\",\"@id\":\"https:\\\/\\\/avmax.pl\\\/sklep\\\/#organization\",\"name\":\"AVMAX - Sklep\",\"url\":\"https:\\\/\\\/avmax.pl\\\/sklep\\\/\",\"logo\":{\"@type\":\"ImageObject\",\"inLanguage\":\"pl-PL\",\"@id\":\"https:\\\/\\\/avmax.pl\\\/sklep\\\/#\\\/schema\\\/logo\\\/image\\\/\",\"url\":\"https:\\\/\\\/avmax.pl\\\/sklep\\\/wp-content\\\/uploads\\\/2025\\\/11\\\/cropped-logo-avmax-2-3.webp\",\"contentUrl\":\"https:\\\/\\\/avmax.pl\\\/sklep\\\/wp-content\\\/uploads\\\/2025\\\/11\\\/cropped-logo-avmax-2-3.webp\",\"width\":1500,\"height\":600,\"caption\":\"AVMAX - Sklep\"},\"image\":{\"@id\":\"https:\\\/\\\/avmax.pl\\\/sklep\\\/#\\\/schema\\\/logo\\\/image\\\/\"}}]}<\/script>\n<!-- \/ Yoast SEO plugin. -->","yoast_head_json":{"title":"EB-775F - AVMAX - Sklep","robots":{"index":"index","follow":"follow","max-snippet":"max-snippet:-1","max-image-preview":"max-image-preview:large","max-video-preview":"max-video-preview:-1"},"canonical":"https:\/\/avmax.pl\/sklep\/produkt\/eb-775f-v11ha83180\/","og_locale":"pl_PL","og_type":"article","og_title":"EB-775F - AVMAX - Sklep","og_description":"Idealny skalowalny i ekonomiczny projektor do oznakowania informacyjnego.   Wszechstronny projektor do wy\u015bwietlania reklam Kompaktowa i dyskretna konstrukcja z optyk\u0105 o ultrakr\u00f3tkim rzucie do ciasnych przestrzeni  Tw\u00f3rz anga\u017cuj\u0105ce obrazy Projektory Full HD o przek\u0105tnej obrazu do 150 cali, 4100 lumen\u00f3w i technologia 3LCD  Niezawodno\u015b\u0107 w dzia\u0142aniu bez serwisowania Projektor laserowy niewymagaj\u0105cy nak\u0142ad\u00f3w konserwacyjnych z 5-letni\u0105 gwarancj\u0105  Wszechstronne mo\u017cliwo\u015bci odtwarzania Tre\u015bci mo\u017cna odtwarza\u0107 bezpo\u015brednio z no\u015bnika USB  \u0141atwy monta\u017c Mo\u017cliwo\u015b\u0107 obrotu w zakresie 360 stopni, w tym projekcja pionowa","og_url":"https:\/\/avmax.pl\/sklep\/produkt\/eb-775f-v11ha83180\/","og_site_name":"AVMAX - Sklep","article_modified_time":"2026-01-12T13:44:51+00:00","og_image":[{"width":1000,"height":1000,"url":"https:\/\/avmax.pl\/sklep\/wp-content\/uploads\/2025\/12\/EB-775F-1.webp","type":"image\/webp"}],"twitter_card":"summary_large_image","twitter_misc":{"Szacowany czas czytania":"2 minuty"},"schema":{"@context":"https:\/\/schema.org","@graph":[{"@type":"WebPage","@id":"https:\/\/avmax.pl\/sklep\/produkt\/eb-775f-v11ha83180\/","url":"https:\/\/avmax.pl\/sklep\/produkt\/eb-775f-v11ha83180\/","name":"EB-775F - AVMAX - Sklep","isPartOf":{"@id":"https:\/\/avmax.pl\/sklep\/#website"},"primaryImageOfPage":{"@id":"https:\/\/avmax.pl\/sklep\/produkt\/eb-775f-v11ha83180\/#primaryimage"},"image":{"@id":"https:\/\/avmax.pl\/sklep\/produkt\/eb-775f-v11ha83180\/#primaryimage"},"thumbnailUrl":"https:\/\/avmax.pl\/sklep\/wp-content\/uploads\/2025\/12\/EB-775F-1.webp","datePublished":"2025-12-01T18:17:47+00:00","dateModified":"2026-01-12T13:44:51+00:00","breadcrumb":{"@id":"https:\/\/avmax.pl\/sklep\/produkt\/eb-775f-v11ha83180\/#breadcrumb"},"inLanguage":"pl-PL","potentialAction":[{"@type":"ReadAction","target":["https:\/\/avmax.pl\/sklep\/produkt\/eb-775f-v11ha83180\/"]}]},{"@type":"ImageObject","inLanguage":"pl-PL","@id":"https:\/\/avmax.pl\/sklep\/produkt\/eb-775f-v11ha83180\/#primaryimage","url":"https:\/\/avmax.pl\/sklep\/wp-content\/uploads\/2025\/12\/EB-775F-1.webp","contentUrl":"https:\/\/avmax.pl\/sklep\/wp-content\/uploads\/2025\/12\/EB-775F-1.webp","width":1000,"height":1000},{"@type":"BreadcrumbList","@id":"https:\/\/avmax.pl\/sklep\/produkt\/eb-775f-v11ha83180\/#breadcrumb","itemListElement":[{"@type":"ListItem","position":1,"name":"Strona g\u0142\u00f3wna","item":"https:\/\/avmax.pl\/sklep\/"},{"@type":"ListItem","position":2,"name":"Sklep","item":"https:\/\/avmax.pl\/sklep\/shop\/"},{"@type":"ListItem","position":3,"name":"EB-775F"}]},{"@type":"WebSite","@id":"https:\/\/avmax.pl\/sklep\/#website","url":"https:\/\/avmax.pl\/sklep\/","name":"AVMAX - Sklep","description":"","publisher":{"@id":"https:\/\/avmax.pl\/sklep\/#organization"},"potentialAction":[{"@type":"SearchAction","target":{"@type":"EntryPoint","urlTemplate":"https:\/\/avmax.pl\/sklep\/?s={search_term_string}"},"query-input":{"@type":"PropertyValueSpecification","valueRequired":true,"valueName":"search_term_string"}}],"inLanguage":"pl-PL"},{"@type":"Organization","@id":"https:\/\/avmax.pl\/sklep\/#organization","name":"AVMAX - Sklep","url":"https:\/\/avmax.pl\/sklep\/","logo":{"@type":"ImageObject","inLanguage":"pl-PL","@id":"https:\/\/avmax.pl\/sklep\/#\/schema\/logo\/image\/","url":"https:\/\/avmax.pl\/sklep\/wp-content\/uploads\/2025\/11\/cropped-logo-avmax-2-3.webp","contentUrl":"https:\/\/avmax.pl\/sklep\/wp-content\/uploads\/2025\/11\/cropped-logo-avmax-2-3.webp","width":1500,"height":600,"caption":"AVMAX - Sklep"},"image":{"@id":"https:\/\/avmax.pl\/sklep\/#\/schema\/logo\/image\/"}}]}},"_links":{"self":[{"href":"https:\/\/avmax.pl\/sklep\/wp-json\/wp\/v2\/product\/2160","targetHints":{"allow":["GET"]}}],"collection":[{"href":"https:\/\/avmax.pl\/sklep\/wp-json\/wp\/v2\/product"}],"about":[{"href":"https:\/\/avmax.pl\/sklep\/wp-json\/wp\/v2\/types\/product"}],"replies":[{"embeddable":true,"href":"https:\/\/avmax.pl\/sklep\/wp-json\/wp\/v2\/comments?post=2160"}],"version-history":[{"count":4,"href":"https:\/\/avmax.pl\/sklep\/wp-json\/wp\/v2\/product\/2160\/revisions"}],"predecessor-version":[{"id":2394,"href":"https:\/\/avmax.pl\/sklep\/wp-json\/wp\/v2\/product\/2160\/revisions\/2394"}],"wp:featuredmedia":[{"embeddable":true,"href":"https:\/\/avmax.pl\/sklep\/wp-json\/wp\/v2\/media\/2685"}],"wp:attachment":[{"href":"https:\/\/avmax.pl\/sklep\/wp-json\/wp\/v2\/media?parent=2160"}],"wp:term":[{"taxonomy":"product_brand","embeddable":true,"href":"https:\/\/avmax.pl\/sklep\/wp-json\/wp\/v2\/product_brand?post=2160"},{"taxonomy":"product_cat","embeddable":true,"href":"https:\/\/avmax.pl\/sklep\/wp-json\/wp\/v2\/product_cat?post=2160"},{"taxonomy":"product_tag","embeddable":true,"href":"https:\/\/avmax.pl\/sklep\/wp-json\/wp\/v2\/product_tag?post=2160"},{"taxonomy":"product_brands","embeddable":true,"href":"https:\/\/avmax.pl\/sklep\/wp-json\/wp\/v2\/product_brands?post=2160"}],"curies":[{"name":"wp","href":"https:\/\/api.w.org\/{rel}","templated":true}]}}