{"id":2486,"date":"2025-12-11T08:43:14","date_gmt":"2025-12-11T08:43:14","guid":{"rendered":"https:\/\/avmax.pl\/sklep\/?post_type=product&#038;p=2486"},"modified":"2026-01-12T13:44:25","modified_gmt":"2026-01-12T13:44:25","slug":"eb-pq2010w","status":"publish","type":"product","link":"https:\/\/avmax.pl\/sklep\/produkt\/eb-pq2010w\/","title":{"rendered":"EB-PQ2010W"},"content":{"rendered":"<p>Najmniejszy i najl\u017cejszy na \u015bwiecie projektor o rozdzielczo\u015bci 4K i jasno\u015bci 10 000 lm\u00b9<br \/>\nKontynuator popularnej serii EB-PU model EB-PQ2010W jest nie tylko najmniejszy i najl\u017cejszy w swojej klasie, ale i niedrogi, wszechstronny, energooszcz\u0119dny i wyposa\u017cony w zaawansowane funkcje.<\/p>\n<p><strong>Rewolucyjny odbi\u00f3r w rozdzielczo\u015bci 4K<\/strong><br \/>\nZachwycaj wyrazisto\u015bci\u0105 obraz\u00f3w wykonanych za pomoc\u0105 najnowszej technologii 4K firmy Epson. \u0141\u0105cz\u0105c nasz\u0105 opatentowan\u0105 najnowocze\u015bniejsz\u0105 technologi\u0119 4K Crystal Motion i uk\u0142ad podw\u00f3jnych mikroobiektyw\u00f3w, firma Epson wyznaczy\u0142a nowe standardy jako\u015bci obrazu 4K.<\/p>\n<p><strong>Fantastyczna elastyczno\u015b\u0107<\/strong><br \/>\nSzeroki zakres \u0142\u0105czno\u015bci, w tym wej\u015bcie\/wyj\u015bcie 12G SDI oraz wej\u015bcie\/wyj\u015bcie HDMI obs\u0142uguj\u0105ce sygna\u0142 4K 120 Hz. Ten projektor o wysokiej jasno\u015bci jest r\u00f3wnie\u017c kompatybilny z obiektywami mi\u0119dzyplatformowymi, poniewa\u017c wykorzystuje te same obiektywy 4K co w dotychczasowej serii EB-PU, w tym obiektyw o ultrakr\u00f3tkim rzucie z zerowym offsetem ELPLX02S, kt\u00f3ry doskonale nadaje si\u0119 do immersyjnych przestrzeni. Ten projektor jest dostarczany w postaci surowej jako korpus, co pozwala zbudowa\u0107 idealne rozwi\u0105zanie dla ka\u017cdej instalacji.<\/p>\n<p><strong>Niezawodno\u015b\u0107<\/strong><br \/>\nStworzony z my\u015bl\u0105 o wyj\u0105tkowej niezawodno\u015bci projektor EB-PQ2010W jest kompatybilny z zewn\u0119trznym filtrem powietrza ELPAF63 i zapewnia do 20 000 godzin bezobs\u0142ugowej pracy (a nawet d\u0142u\u017cej w trybach wyd\u0142u\u017conych).<\/p>\n<p><strong>Bogate oprogramowanie<\/strong><br \/>\nZgodno\u015b\u0107 z kamer\u0105 ELPEC01, narz\u0119dziem Epson Projector Professional Tool i narz\u0119dziem Epson Config Tool zapewnia wiele mo\u017cliwo\u015bci w zakresie kalibracji, wsparcia technicznego i sterowania.<\/p>\n","protected":false},"excerpt":{"rendered":"<p>EB-PQ2010W to wysoce funkcjonalny, kompaktowy projektor o jasno\u015bci 10 000 lm i rozdzielczo\u015bci 4K \u2014 idealny dla wielbicieli ultrawysokiej rozdzielczo\u015bci.<\/p>\n<ul>\n<li><strong>Opatentowana technologia obrazowania w rozdzielczo\u015bci 4K<\/strong><br \/>\nWyj\u0105tkowa jako\u015b\u0107 obrazu 4K zapewnia doskona\u0142\u0105 immersyjno\u015b\u0107<\/li>\n<li><strong>Niewielkie rozmiary i masa<\/strong><br \/>\nNajmniejszy i najl\u017cejszy na \u015bwiecie projektor o rozdzielczo\u015bci 4K i jasno\u015bci 10 000 lm<\/li>\n<li><strong>Zgodno\u015b\u0107 z obiektywami mi\u0119dzyplatformowymi<\/strong><br \/>\nUmo\u017cliwia zbudowanie optymalnego rozwi\u0105zania projekcyjnego dla ka\u017cdej instalacji<\/li>\n<li><strong>Bezobs\u0142ugowa niezawodno\u015b\u0107 w dzia\u0142aniu<\/strong><br \/>\n20 000 godzin u\u017cytkowania bez konserwacji<\/li>\n<li><strong>Mniejszy wp\u0142yw na \u015brodowisko<\/strong><br \/>\nEnergooszcz\u0119dno\u015b\u0107 i ograniczone wymagania w zakresie pakowania i transportu<\/li>\n<\/ul>\n","protected":false},"featured_media":2812,"comment_status":"open","ping_status":"closed","template":"","meta":{"_bst_post_transparent":"default","_bst_post_title":"","_bst_post_layout":"default","_bst_post_sidebar_id":"","_bst_post_content_style":"default","_bst_post_vertical_padding":"default","_bst_post_feature":"","_bst_post_feature_position":"","_bst_post_header":false,"_bst_post_footer":false},"product_brand":[156],"product_cat":[137],"product_tag":[],"product_brands":[1010],"class_list":{"0":"post-2486","1":"product","2":"type-product","3":"status-publish","4":"has-post-thumbnail","6":"product_brand-epson","7":"product_cat-projektory","8":"product_brands-epson","10":"first","11":"instock","12":"taxable","13":"shipping-taxable","14":"purchasable","15":"product-type-simple","16":"entry","17":"content-bg","18":"loop-entry"},"yoast_head":"<!-- This site is optimized with the Yoast SEO plugin v27.3 - https:\/\/yoast.com\/product\/yoast-seo-wordpress\/ -->\n<title>EB-PQ2010W - AVMAX - Sklep<\/title>\n<meta name=\"robots\" content=\"index, follow, max-snippet:-1, max-image-preview:large, max-video-preview:-1\" \/>\n<link rel=\"canonical\" href=\"https:\/\/avmax.pl\/sklep\/produkt\/eb-pq2010w\/\" \/>\n<meta property=\"og:locale\" content=\"pl_PL\" \/>\n<meta property=\"og:type\" content=\"article\" \/>\n<meta property=\"og:title\" content=\"EB-PQ2010W - AVMAX - Sklep\" \/>\n<meta property=\"og:description\" content=\"EB-PQ2010W to wysoce funkcjonalny, kompaktowy projektor o jasno\u015bci 10 000 lm i rozdzielczo\u015bci 4K \u2014 idealny dla wielbicieli ultrawysokiej rozdzielczo\u015bci.   Opatentowana technologia obrazowania w rozdzielczo\u015bci 4K Wyj\u0105tkowa jako\u015b\u0107 obrazu 4K zapewnia doskona\u0142\u0105 immersyjno\u015b\u0107  Niewielkie rozmiary i masa Najmniejszy i najl\u017cejszy na \u015bwiecie projektor o rozdzielczo\u015bci 4K i jasno\u015bci 10 000 lm  Zgodno\u015b\u0107 z obiektywami mi\u0119dzyplatformowymi Umo\u017cliwia zbudowanie optymalnego rozwi\u0105zania projekcyjnego dla ka\u017cdej instalacji  Bezobs\u0142ugowa niezawodno\u015b\u0107 w dzia\u0142aniu 20 000 godzin u\u017cytkowania bez konserwacji  Mniejszy wp\u0142yw na \u015brodowisko Energooszcz\u0119dno\u015b\u0107 i ograniczone wymagania w zakresie pakowania i transportu\" \/>\n<meta property=\"og:url\" content=\"https:\/\/avmax.pl\/sklep\/produkt\/eb-pq2010w\/\" \/>\n<meta property=\"og:site_name\" content=\"AVMAX - Sklep\" \/>\n<meta property=\"article:modified_time\" content=\"2026-01-12T13:44:25+00:00\" \/>\n<meta property=\"og:image\" content=\"https:\/\/avmax.pl\/sklep\/wp-content\/uploads\/2025\/12\/EB-PQ2010W-1.webp\" \/>\n\t<meta property=\"og:image:width\" content=\"1000\" \/>\n\t<meta property=\"og:image:height\" content=\"1000\" \/>\n\t<meta property=\"og:image:type\" content=\"image\/webp\" \/>\n<meta name=\"twitter:card\" content=\"summary_large_image\" \/>\n<meta name=\"twitter:label1\" content=\"Szacowany czas czytania\" \/>\n\t<meta name=\"twitter:data1\" content=\"2 minuty\" \/>\n<script type=\"application\/ld+json\" class=\"yoast-schema-graph\">{\"@context\":\"https:\\\/\\\/schema.org\",\"@graph\":[{\"@type\":\"WebPage\",\"@id\":\"https:\\\/\\\/avmax.pl\\\/sklep\\\/produkt\\\/eb-pq2010w\\\/\",\"url\":\"https:\\\/\\\/avmax.pl\\\/sklep\\\/produkt\\\/eb-pq2010w\\\/\",\"name\":\"EB-PQ2010W - AVMAX - Sklep\",\"isPartOf\":{\"@id\":\"https:\\\/\\\/avmax.pl\\\/sklep\\\/#website\"},\"primaryImageOfPage\":{\"@id\":\"https:\\\/\\\/avmax.pl\\\/sklep\\\/produkt\\\/eb-pq2010w\\\/#primaryimage\"},\"image\":{\"@id\":\"https:\\\/\\\/avmax.pl\\\/sklep\\\/produkt\\\/eb-pq2010w\\\/#primaryimage\"},\"thumbnailUrl\":\"https:\\\/\\\/avmax.pl\\\/sklep\\\/wp-content\\\/uploads\\\/2025\\\/12\\\/EB-PQ2010W-1.webp\",\"datePublished\":\"2025-12-11T08:43:14+00:00\",\"dateModified\":\"2026-01-12T13:44:25+00:00\",\"breadcrumb\":{\"@id\":\"https:\\\/\\\/avmax.pl\\\/sklep\\\/produkt\\\/eb-pq2010w\\\/#breadcrumb\"},\"inLanguage\":\"pl-PL\",\"potentialAction\":[{\"@type\":\"ReadAction\",\"target\":[\"https:\\\/\\\/avmax.pl\\\/sklep\\\/produkt\\\/eb-pq2010w\\\/\"]}]},{\"@type\":\"ImageObject\",\"inLanguage\":\"pl-PL\",\"@id\":\"https:\\\/\\\/avmax.pl\\\/sklep\\\/produkt\\\/eb-pq2010w\\\/#primaryimage\",\"url\":\"https:\\\/\\\/avmax.pl\\\/sklep\\\/wp-content\\\/uploads\\\/2025\\\/12\\\/EB-PQ2010W-1.webp\",\"contentUrl\":\"https:\\\/\\\/avmax.pl\\\/sklep\\\/wp-content\\\/uploads\\\/2025\\\/12\\\/EB-PQ2010W-1.webp\",\"width\":1000,\"height\":1000},{\"@type\":\"BreadcrumbList\",\"@id\":\"https:\\\/\\\/avmax.pl\\\/sklep\\\/produkt\\\/eb-pq2010w\\\/#breadcrumb\",\"itemListElement\":[{\"@type\":\"ListItem\",\"position\":1,\"name\":\"Strona g\u0142\u00f3wna\",\"item\":\"https:\\\/\\\/avmax.pl\\\/sklep\\\/\"},{\"@type\":\"ListItem\",\"position\":2,\"name\":\"Sklep\",\"item\":\"https:\\\/\\\/avmax.pl\\\/sklep\\\/shop\\\/\"},{\"@type\":\"ListItem\",\"position\":3,\"name\":\"EB-PQ2010W\"}]},{\"@type\":\"WebSite\",\"@id\":\"https:\\\/\\\/avmax.pl\\\/sklep\\\/#website\",\"url\":\"https:\\\/\\\/avmax.pl\\\/sklep\\\/\",\"name\":\"AVMAX - Sklep\",\"description\":\"\",\"publisher\":{\"@id\":\"https:\\\/\\\/avmax.pl\\\/sklep\\\/#organization\"},\"potentialAction\":[{\"@type\":\"SearchAction\",\"target\":{\"@type\":\"EntryPoint\",\"urlTemplate\":\"https:\\\/\\\/avmax.pl\\\/sklep\\\/?s={search_term_string}\"},\"query-input\":{\"@type\":\"PropertyValueSpecification\",\"valueRequired\":true,\"valueName\":\"search_term_string\"}}],\"inLanguage\":\"pl-PL\"},{\"@type\":\"Organization\",\"@id\":\"https:\\\/\\\/avmax.pl\\\/sklep\\\/#organization\",\"name\":\"AVMAX - Sklep\",\"url\":\"https:\\\/\\\/avmax.pl\\\/sklep\\\/\",\"logo\":{\"@type\":\"ImageObject\",\"inLanguage\":\"pl-PL\",\"@id\":\"https:\\\/\\\/avmax.pl\\\/sklep\\\/#\\\/schema\\\/logo\\\/image\\\/\",\"url\":\"https:\\\/\\\/avmax.pl\\\/sklep\\\/wp-content\\\/uploads\\\/2025\\\/11\\\/cropped-logo-avmax-2-3.webp\",\"contentUrl\":\"https:\\\/\\\/avmax.pl\\\/sklep\\\/wp-content\\\/uploads\\\/2025\\\/11\\\/cropped-logo-avmax-2-3.webp\",\"width\":1500,\"height\":600,\"caption\":\"AVMAX - Sklep\"},\"image\":{\"@id\":\"https:\\\/\\\/avmax.pl\\\/sklep\\\/#\\\/schema\\\/logo\\\/image\\\/\"}}]}<\/script>\n<!-- \/ Yoast SEO plugin. -->","yoast_head_json":{"title":"EB-PQ2010W - AVMAX - Sklep","robots":{"index":"index","follow":"follow","max-snippet":"max-snippet:-1","max-image-preview":"max-image-preview:large","max-video-preview":"max-video-preview:-1"},"canonical":"https:\/\/avmax.pl\/sklep\/produkt\/eb-pq2010w\/","og_locale":"pl_PL","og_type":"article","og_title":"EB-PQ2010W - AVMAX - Sklep","og_description":"EB-PQ2010W to wysoce funkcjonalny, kompaktowy projektor o jasno\u015bci 10 000 lm i rozdzielczo\u015bci 4K \u2014 idealny dla wielbicieli ultrawysokiej rozdzielczo\u015bci.   Opatentowana technologia obrazowania w rozdzielczo\u015bci 4K Wyj\u0105tkowa jako\u015b\u0107 obrazu 4K zapewnia doskona\u0142\u0105 immersyjno\u015b\u0107  Niewielkie rozmiary i masa Najmniejszy i najl\u017cejszy na \u015bwiecie projektor o rozdzielczo\u015bci 4K i jasno\u015bci 10 000 lm  Zgodno\u015b\u0107 z obiektywami mi\u0119dzyplatformowymi Umo\u017cliwia zbudowanie optymalnego rozwi\u0105zania projekcyjnego dla ka\u017cdej instalacji  Bezobs\u0142ugowa niezawodno\u015b\u0107 w dzia\u0142aniu 20 000 godzin u\u017cytkowania bez konserwacji  Mniejszy wp\u0142yw na \u015brodowisko Energooszcz\u0119dno\u015b\u0107 i ograniczone wymagania w zakresie pakowania i transportu","og_url":"https:\/\/avmax.pl\/sklep\/produkt\/eb-pq2010w\/","og_site_name":"AVMAX - Sklep","article_modified_time":"2026-01-12T13:44:25+00:00","og_image":[{"width":1000,"height":1000,"url":"https:\/\/avmax.pl\/sklep\/wp-content\/uploads\/2025\/12\/EB-PQ2010W-1.webp","type":"image\/webp"}],"twitter_card":"summary_large_image","twitter_misc":{"Szacowany czas czytania":"2 minuty"},"schema":{"@context":"https:\/\/schema.org","@graph":[{"@type":"WebPage","@id":"https:\/\/avmax.pl\/sklep\/produkt\/eb-pq2010w\/","url":"https:\/\/avmax.pl\/sklep\/produkt\/eb-pq2010w\/","name":"EB-PQ2010W - AVMAX - Sklep","isPartOf":{"@id":"https:\/\/avmax.pl\/sklep\/#website"},"primaryImageOfPage":{"@id":"https:\/\/avmax.pl\/sklep\/produkt\/eb-pq2010w\/#primaryimage"},"image":{"@id":"https:\/\/avmax.pl\/sklep\/produkt\/eb-pq2010w\/#primaryimage"},"thumbnailUrl":"https:\/\/avmax.pl\/sklep\/wp-content\/uploads\/2025\/12\/EB-PQ2010W-1.webp","datePublished":"2025-12-11T08:43:14+00:00","dateModified":"2026-01-12T13:44:25+00:00","breadcrumb":{"@id":"https:\/\/avmax.pl\/sklep\/produkt\/eb-pq2010w\/#breadcrumb"},"inLanguage":"pl-PL","potentialAction":[{"@type":"ReadAction","target":["https:\/\/avmax.pl\/sklep\/produkt\/eb-pq2010w\/"]}]},{"@type":"ImageObject","inLanguage":"pl-PL","@id":"https:\/\/avmax.pl\/sklep\/produkt\/eb-pq2010w\/#primaryimage","url":"https:\/\/avmax.pl\/sklep\/wp-content\/uploads\/2025\/12\/EB-PQ2010W-1.webp","contentUrl":"https:\/\/avmax.pl\/sklep\/wp-content\/uploads\/2025\/12\/EB-PQ2010W-1.webp","width":1000,"height":1000},{"@type":"BreadcrumbList","@id":"https:\/\/avmax.pl\/sklep\/produkt\/eb-pq2010w\/#breadcrumb","itemListElement":[{"@type":"ListItem","position":1,"name":"Strona g\u0142\u00f3wna","item":"https:\/\/avmax.pl\/sklep\/"},{"@type":"ListItem","position":2,"name":"Sklep","item":"https:\/\/avmax.pl\/sklep\/shop\/"},{"@type":"ListItem","position":3,"name":"EB-PQ2010W"}]},{"@type":"WebSite","@id":"https:\/\/avmax.pl\/sklep\/#website","url":"https:\/\/avmax.pl\/sklep\/","name":"AVMAX - Sklep","description":"","publisher":{"@id":"https:\/\/avmax.pl\/sklep\/#organization"},"potentialAction":[{"@type":"SearchAction","target":{"@type":"EntryPoint","urlTemplate":"https:\/\/avmax.pl\/sklep\/?s={search_term_string}"},"query-input":{"@type":"PropertyValueSpecification","valueRequired":true,"valueName":"search_term_string"}}],"inLanguage":"pl-PL"},{"@type":"Organization","@id":"https:\/\/avmax.pl\/sklep\/#organization","name":"AVMAX - Sklep","url":"https:\/\/avmax.pl\/sklep\/","logo":{"@type":"ImageObject","inLanguage":"pl-PL","@id":"https:\/\/avmax.pl\/sklep\/#\/schema\/logo\/image\/","url":"https:\/\/avmax.pl\/sklep\/wp-content\/uploads\/2025\/11\/cropped-logo-avmax-2-3.webp","contentUrl":"https:\/\/avmax.pl\/sklep\/wp-content\/uploads\/2025\/11\/cropped-logo-avmax-2-3.webp","width":1500,"height":600,"caption":"AVMAX - Sklep"},"image":{"@id":"https:\/\/avmax.pl\/sklep\/#\/schema\/logo\/image\/"}}]}},"_links":{"self":[{"href":"https:\/\/avmax.pl\/sklep\/wp-json\/wp\/v2\/product\/2486","targetHints":{"allow":["GET"]}}],"collection":[{"href":"https:\/\/avmax.pl\/sklep\/wp-json\/wp\/v2\/product"}],"about":[{"href":"https:\/\/avmax.pl\/sklep\/wp-json\/wp\/v2\/types\/product"}],"replies":[{"embeddable":true,"href":"https:\/\/avmax.pl\/sklep\/wp-json\/wp\/v2\/comments?post=2486"}],"version-history":[{"count":1,"href":"https:\/\/avmax.pl\/sklep\/wp-json\/wp\/v2\/product\/2486\/revisions"}],"predecessor-version":[{"id":2487,"href":"https:\/\/avmax.pl\/sklep\/wp-json\/wp\/v2\/product\/2486\/revisions\/2487"}],"wp:featuredmedia":[{"embeddable":true,"href":"https:\/\/avmax.pl\/sklep\/wp-json\/wp\/v2\/media\/2812"}],"wp:attachment":[{"href":"https:\/\/avmax.pl\/sklep\/wp-json\/wp\/v2\/media?parent=2486"}],"wp:term":[{"taxonomy":"product_brand","embeddable":true,"href":"https:\/\/avmax.pl\/sklep\/wp-json\/wp\/v2\/product_brand?post=2486"},{"taxonomy":"product_cat","embeddable":true,"href":"https:\/\/avmax.pl\/sklep\/wp-json\/wp\/v2\/product_cat?post=2486"},{"taxonomy":"product_tag","embeddable":true,"href":"https:\/\/avmax.pl\/sklep\/wp-json\/wp\/v2\/product_tag?post=2486"},{"taxonomy":"product_brands","embeddable":true,"href":"https:\/\/avmax.pl\/sklep\/wp-json\/wp\/v2\/product_brands?post=2486"}],"curies":[{"name":"wp","href":"https:\/\/api.w.org\/{rel}","templated":true}]}}